{"id":13430,"date":"2019-10-22T12:22:54","date_gmt":"2019-10-22T10:22:54","guid":{"rendered":"https:\/\/www.clinicabaviera.com\/blog\/?page_id=13430"},"modified":"2026-04-01T10:19:25","modified_gmt":"2026-04-01T09:19:25","slug":"aviso-legal-2","status":"publish","type":"page","link":"https:\/\/www.clinicabaviera.com\/blog\/aviso-legal\/","title":{"rendered":"Aviso legal"},"content":{"rendered":"<h2>Informaci\u00f3n general<\/h2>\n<p>Para dar cumplimiento con lo establecido en la Ley 34\/2002, de 11 de julio, de servicios de la sociedad de la informaci\u00f3n y de comercio electr\u00f3nico, a continuaci\u00f3n se indican los datos de informaci\u00f3n general de este sitio Web:<\/p>\n<ul>\n<li>Titular: CLINICA BAVIERA S.A<\/li>\n<li>Direcci\u00f3n: Paseo de la Castellana n\u00ba 20, 28046 &#8211; Madrid<\/li>\n<li>Contacto: 917819880<\/li>\n<li>info@clinicabaviera.com<\/li>\n<li>Datos Registrales: Registro Mercantil de Madrid, Hoja n\u00ba M- 40728, inscripci\u00f3n 16, folio 190 , Tomo 12.405 de la Secci\u00f3n 8 del Libro de Sociedades.<\/li>\n<li>CIF: A-80240427<\/li>\n<li>Inscrita con el n\u00famero CS 2046 de registro sanitario concedido por la Consejer\u00eda de Sanidad de la Comunidad de Madrid para ejercer como centro sanitario.<\/li>\n<li>N\u00ba de Fax: 917819881<\/li>\n<\/ul>\n<p>El presente sitio Web ha sido dise\u00f1ado para dar a conocer y permitir el acceso de todos los Usuarios a la informaci\u00f3n, actividades y servicios, presentados por CLINICA BAVIERA, S.A.<\/p>\n<p>Todas estas informaciones, actividades y servicios ser\u00e1n referidos de manera conjunta dentro de este documento como los Contenidos.<\/p>\n<h2>Uso de la p\u00e1gina Web, sus servicios y contenidos<\/h2>\n<p>Este Website ha sido creado por CLINICA BAVIERA S.A (&#8220;CLINICA BAVIERA&#8221;), con car\u00e1cter informativo y para uso personal.<\/p>\n<p>El hecho de acceder a este Website implica el conocimiento y aceptaci\u00f3n de los siguientes t\u00e9rminos y condiciones:<\/p>\n<ul>\n<li>El acceso a este Website es responsabilidad exclusiva de los usuarios.<\/li>\n<li>El acceso a este Website no supone entablar ning\u00fan tipo de relaci\u00f3n de car\u00e1cter comercial entre CLINICA BAVIERA y el usuario.<\/li>\n<li>El acceso y navegaci\u00f3n en este Website supone aceptar y conocer las advertencias legales, condiciones y t\u00e9rminos de uso contenidas en \u00e9l.<\/li>\n<\/ul>\n<p>El acceso a esta p\u00e1gina Web atribuye a quien lo realice la condici\u00f3n de &#8220;usuario&#8221;. Por el mero hecho de utilizar esta p\u00e1gina Web, el usuario acepta plenamente los t\u00e9rminos y condiciones aqu\u00ed establecidos y se compromete a hacerlo de conformidad con la ley y respetando las dem\u00e1s instrucciones de uso contenidas en \u00e9sta p\u00e1gina Web, as\u00ed como las Condiciones Generales.<\/p>\n<p>El usuario declara bajo su responsabilidad ser mayor de edad y tener capacidad legal para operar en la p\u00e1gina Web. Se compromete a ser el responsable de todo cuanto realice en este lugar. Declara igualmente que toda la informaci\u00f3n que facilita es verdadera y exacta, sin limitaciones, reservas o falsedades. El uso excesivo o abusivo de esta p\u00e1gina Web puede tener como consecuencia que se le deniegue el acceso a los servicios contenidos en la misma. Se proh\u00edbe:<\/p>\n<ol>\n<li>Su reproducci\u00f3n, distribuci\u00f3n o modificaci\u00f3n, a menos que se cuente con la autorizaci\u00f3n de sus leg\u00edtimos titulares o resulte legalmente permitido.<\/li>\n<li>Cualquier vulneraci\u00f3n de los derechos de CLINICA BAVIERA o de sus leg\u00edtimos titulares sobre los mismos.<\/li>\n<li>Su utilizaci\u00f3n para todo tipo de fines comerciales o publicitarios, distintos de los estrictamente permitidos.<\/li>\n<li>Cualquier intento de obtener los contenidos del Website por cualquier medio distinto de los que se pongan a disposici\u00f3n de los usuarios as\u00ed como de los que habitualmente se empleen en la red, siempre que no causen perjuicio alguno al Website de CLINICA BAVIERA.<\/li>\n<\/ol>\n<h2>Modificaci\u00f3n Unilateral<\/h2>\n<p>CLINICA BAVIERA, siempre que lo considere oportuno, podr\u00e1 modificar unilateralmente y sin previo aviso la estructura y dise\u00f1o de la p\u00e1gina Web, as\u00ed como modificar o eliminar, sus servicios, contenidos y condiciones de acceso y\/o utilizaci\u00f3n.<\/p>\n<p>En la p\u00e1gina Web se encuentra disponible para todos los usuarios un Chat On Line en el cual en un horario limitado se contestan todo tipo de preguntas relacionadas con la prestaci\u00f3n de servicios que realiza CLINICA BAVIERA.<\/p>\n<h2>Registro de Usuarios de la Web<\/h2>\n<p>Toda la informaci\u00f3n relativa al tratamiento de los datos obtenidos a trav\u00e9s de los formularios existentes en la Web se encuentra en la <a href=\"https:\/\/www.clinicabaviera.com\/blog\/condiciones\/\">Pol\u00edtica de Privacidad<\/a>.<\/p>\n<h2>Duraci\u00f3n<\/h2>\n<p>La duraci\u00f3n de la prestaci\u00f3n del servicio del Web y de los servicios es de car\u00e1cter indefinido. Sin perjuicio de lo anterior, CLINICA BAVIERA se reserva el derecho para, interrumpir, suspender o terminar la prestaci\u00f3n del servicio del Web o de cualquiera de los servicios que lo integran.<\/p>\n<h2>Propiedad intelectual<\/h2>\n<p>CLINICA BAVIERA es titular, de forma directa o indirecta, de todos los derechos de propiedad intelectual o derechos comparables en cuanto a estas p\u00e1ginas se refiere, tanto de los Contenidos de las p\u00e1ginas Web, como de los textos, dise\u00f1o gr\u00e1fico y c\u00f3digos u otros elementos de cualquier \u00edndole que los integren.<\/p>\n<p>El Usuario puede visualizar todos los Contenidos, imprimirlos, copiarlos y almacenarlos en el disco duro de su ordenador o en cualquier otro soporte f\u00edsico, siempre y cuando sea, \u00fanica y exclusivamente, para su uso personal y privado, quedando, por tanto, terminantemente prohibida su utilizaci\u00f3n con fines comerciales, su distribuci\u00f3n, as\u00ed como su modificaci\u00f3n, alteraci\u00f3n o descompilaci\u00f3n.<\/p>\n<p>Por ello, la copia, reproducci\u00f3n, distribuci\u00f3n, comunicaci\u00f3n p\u00fablica y transformaci\u00f3n de los mismos deber\u00e1 ser autorizada previa y expresamente por escrito por CLINICA BAVIERA.<\/p>\n<p>CLINICA BAVIERA autoriza referencias a sus Contenidos en otras p\u00e1ginas Web, \u00fanicamente cuando no los reproduzcan. En el caso de disponer de un enlace hipertexto a alguna de sus p\u00e1ginas, el Usuario debe saber que est\u00e1 entrando en la Web de CLINICA BAVIERA y debe percibir en su navegador su direcci\u00f3n URL.<\/p>\n<h2>Propiedad industrial<\/h2>\n<p>Las marcas, nombres comerciales, signos distintivos de cualquier clase y nombres de dominio contenidos en las p\u00e1ginas Web de CLINICA BAVIERA est\u00e1n registrados por esta Entidad y protegidos por ley.<\/p>\n<p>Los signos distintivos y nombres de dominio que aparecen en estas p\u00e1ginas Web utilizadas para identificar a otros proveedores de bienes o servicios, pertenecen a sus respectivos propietarios.<\/p>\n<p>Nada de lo contenido en estas p\u00e1ginas Web ser\u00e1 interpretado como renuncia o cesi\u00f3n a los derechos que corresponden a CLINICA BAVIERA derivados de la propiedad intelectual o industrial o de derechos comparables sobre los bienes que sus respectivas normas regulan.<\/p>\n<h2>Responsabilidades<\/h2>\n<p>CLINICA BAVIERA no ser\u00e1 responsable de los da\u00f1os y perjuicios que pudieran derivarse de la utilizaci\u00f3n de versiones de navegadores no actualizadas, del mal funcionamiento del navegador, ya sea por configuraci\u00f3n inadecuada, presencia de virus inform\u00e1ticos o cualquier otra causa ajena a CLINICA BAVIERA.<\/p>\n<p>El Usuario se compromete a hacer un uso adecuado de los Contenidos y a no emplearlos para incurrir en actividades il\u00edcitas o contrarias a la buena fe y al ordenamiento legal, provocar da\u00f1os en los sistemas f\u00edsicos y l\u00f3gicos de CLINICA BAVIERA, de sus proveedores o de terceras personas, introducir o difundir en la red virus inform\u00e1ticos o cualesquiera otros sistemas f\u00edsicos o l\u00f3gicos que sean susceptibles de provocar los da\u00f1os anteriormente mencionados.<\/p>\n<p>El acceso y uso de la informaci\u00f3n contenida en las p\u00e1ginas Web de CLINICA BAVIERA, es responsabilidad exclusiva de la persona que acceda a ella o la utilice, no siendo CLINICA BAVIERA, responsable de los posibles da\u00f1os y perjuicios que pudieren derivarse tanto del uso que pudiera hacerse de dicha informaci\u00f3n como de la transmisi\u00f3n o intercambio de informaci\u00f3n entre Usuarios a trav\u00e9s de sus p\u00e1ginas Web.<\/p>\n<h2>Acceso y uso<\/h2>\n<p>Con car\u00e1cter general, los Usuarios podr\u00e1n acceder al sitio Web de forma libre y gratuita.<\/p>\n<p>No obstante, CLINICA BAVIERA, se reserva, conforme a la legislaci\u00f3n vigente, el derecho de limitar total o parcialmente, suspender o cancelar el acceso a sus p\u00e1ginas Web en cualquier momento, de forma total o parcial.<\/p>\n<p>En consecuencia, CLINICA BAVIERA, no garantiza la fiabilidad, la disponibilidad, ni la continuidad de su sitio Web, ni de sus Contenidos, por lo que la utilizaci\u00f3n de los mismos por parte del Usuario se lleva a cabo por su propia cuenta y riesgo, sin que, en ning\u00fan momento, puedan exigirse responsabilidades CLINICA BAVIERA, en este sentido.<\/p>\n<p>El usuario deber\u00e1 usar datos verdaderos, exactos, completos y actualizados. El usuario ser\u00e1 el \u00fanico responsable de cualquier da\u00f1o o perjuicio, directo o indirecto, que pudiera ocasionar a CLINICA BAVIERA o a cualquier tercero a causa del uso de datos falsos, inexactos, incompletos o no actualizados.<\/p>\n<h2>Jurisdicci\u00f3n<\/h2>\n<p>CLINICA BAVIERA y el usuario se regir\u00e1n por la legislaci\u00f3n espa\u00f1ola para cuantas cuestiones pudieran suscitarse o acciones ejercitarse derivadas del funcionamiento de la p\u00e1gina Web, sus servicios y contenidos y sobre la interpretaci\u00f3n, aplicaci\u00f3n, cumplimiento o incumplimiento de lo aqu\u00ed establecido y se someten de forma expresa a los Juzgados y Tribunales de Madrid.<\/p>\n<p>Asimismo, como entidad adherida a CONFIANZA ONLINE y en los t\u00e9rminos de su C\u00f3digo \u00c9tico, en caso de controversias relativas a la contrataci\u00f3n y publicidad online, protecci\u00f3n de datos y protecci\u00f3n de menores, el usuario podr\u00e1 acudir al sistema de resoluci\u00f3n extrajudicial de controversias de CONFIANZA ONLINE (www.confianzaonline.es).\u201d<\/p>\n","protected":false},"excerpt":{"rendered":"<p>Informaci\u00f3n general Para dar cumplimiento con lo establecido en la Ley 34\/2002, de 11 de julio, de servicios de la sociedad de la informaci\u00f3n y de comercio electr\u00f3nico, a continuaci\u00f3n se indican los datos de informaci\u00f3n general de este sitio Web: Titular: CLINICA BAVIERA S.A Direcci\u00f3n: Paseo de la Castellana n\u00ba 20, 28046 &#8211; Madrid [&hellip;]<\/p>\n","protected":false},"author":1,"featured_media":0,"parent":0,"menu_order":0,"comment_status":"closed","ping_status":"closed","template":"","meta":{"jetpack_post_was_ever_published":false,"footnotes":""},"ppma_author":[2297],"class_list":["post-13430","page","type-page","status-publish","hentry"],"yoast_head":"<!-- This site is optimized with the Yoast SEO plugin v27.2 - https:\/\/yoast.com\/product\/yoast-seo-wordpress\/ -->\n<title>Aviso legal - Blog de Baviera antes Cl\u00ednica Baviera<\/title>\n<meta name=\"robots\" content=\"index, follow, max-snippet:-1, max-image-preview:large, max-video-preview:-1\" \/>\n<link rel=\"canonical\" href=\"https:\/\/www.clinicabaviera.com\/blog\/aviso-legal\/\" \/>\n<meta property=\"og:locale\" content=\"es_ES\" \/>\n<meta property=\"og:type\" content=\"article\" \/>\n<meta property=\"og:title\" content=\"Aviso legal - Blog de Baviera antes Cl\u00ednica Baviera\" \/>\n<meta property=\"og:description\" content=\"Informaci\u00f3n general Para dar cumplimiento con lo establecido en la Ley 34\/2002, de 11 de julio, de servicios de la sociedad de la informaci\u00f3n y de comercio electr\u00f3nico, a continuaci\u00f3n se indican los datos de informaci\u00f3n general de este sitio Web: Titular: CLINICA BAVIERA S.A Direcci\u00f3n: Paseo de la Castellana n\u00ba 20, 28046 &#8211; Madrid [&hellip;]\" \/>\n<meta property=\"og:url\" content=\"https:\/\/www.clinicabaviera.com\/blog\/aviso-legal\/\" \/>\n<meta property=\"og:site_name\" content=\"Blog de Baviera antes Cl\u00ednica Baviera\" \/>\n<meta property=\"article:publisher\" content=\"https:\/\/www.facebook.com\/CLINICABAVIERA\" \/>\n<meta property=\"article:modified_time\" content=\"2026-04-01T09:19:25+00:00\" \/>\n<meta property=\"og:image\" content=\"https:\/\/cdn.clinicabaviera.com\/blog\/wp-content\/uploads\/logo_baviera-e1360326751756.jpg\" \/>\n\t<meta property=\"og:image:width\" content=\"300\" \/>\n\t<meta property=\"og:image:height\" content=\"55\" \/>\n\t<meta property=\"og:image:type\" content=\"image\/jpeg\" \/>\n<meta name=\"twitter:card\" content=\"summary_large_image\" \/>\n<meta name=\"twitter:label1\" content=\"Tiempo de lectura\" \/>\n\t<meta name=\"twitter:data1\" content=\"7 minutos\" \/>\n<!-- \/ Yoast SEO plugin. -->","yoast_head_json":{"title":"Aviso legal - Blog de Baviera antes Cl\u00ednica Baviera","robots":{"index":"index","follow":"follow","max-snippet":"max-snippet:-1","max-image-preview":"max-image-preview:large","max-video-preview":"max-video-preview:-1"},"canonical":"https:\/\/www.clinicabaviera.com\/blog\/aviso-legal\/","og_locale":"es_ES","og_type":"article","og_title":"Aviso legal - Blog de Baviera antes Cl\u00ednica Baviera","og_description":"Informaci\u00f3n general Para dar cumplimiento con lo establecido en la Ley 34\/2002, de 11 de julio, de servicios de la sociedad de la informaci\u00f3n y de comercio electr\u00f3nico, a continuaci\u00f3n se indican los datos de informaci\u00f3n general de este sitio Web: Titular: CLINICA BAVIERA S.A Direcci\u00f3n: Paseo de la Castellana n\u00ba 20, 28046 &#8211; Madrid [&hellip;]","og_url":"https:\/\/www.clinicabaviera.com\/blog\/aviso-legal\/","og_site_name":"Blog de Baviera antes Cl\u00ednica Baviera","article_publisher":"https:\/\/www.facebook.com\/CLINICABAVIERA","article_modified_time":"2026-04-01T09:19:25+00:00","og_image":[{"width":300,"height":55,"url":"https:\/\/cdn.clinicabaviera.com\/blog\/wp-content\/uploads\/logo_baviera-e1360326751756.jpg","type":"image\/jpeg"}],"twitter_card":"summary_large_image","twitter_misc":{"Tiempo de lectura":"7 minutos"},"schema":{"@context":"https:\/\/schema.org","@graph":[{"@type":"WebPage","@id":"https:\/\/www.clinicabaviera.com\/blog\/aviso-legal\/","url":"https:\/\/www.clinicabaviera.com\/blog\/aviso-legal\/","name":"Aviso legal - Blog de Baviera antes Cl\u00ednica Baviera","isPartOf":{"@id":"https:\/\/www.clinicabaviera.com\/blog\/#website"},"datePublished":"2019-10-22T10:22:54+00:00","dateModified":"2026-04-01T09:19:25+00:00","breadcrumb":{"@id":"https:\/\/www.clinicabaviera.com\/blog\/aviso-legal\/#breadcrumb"},"inLanguage":"es","potentialAction":[{"@type":"ReadAction","target":["https:\/\/www.clinicabaviera.com\/blog\/aviso-legal\/"]}]},{"@type":"BreadcrumbList","@id":"https:\/\/www.clinicabaviera.com\/blog\/aviso-legal\/#breadcrumb","itemListElement":[{"@type":"ListItem","position":1,"name":"Inicio","item":"https:\/\/www.clinicabaviera.com\/blog\/"},{"@type":"ListItem","position":2,"name":"Aviso legal"}]},{"@type":"WebSite","@id":"https:\/\/www.clinicabaviera.com\/blog\/#website","url":"https:\/\/www.clinicabaviera.com\/blog\/","name":"Blog de Baviera antes Cl\u00ednica Baviera","description":"Informaci\u00f3n sobre la salud visual","publisher":{"@id":"https:\/\/www.clinicabaviera.com\/blog\/#organization"},"potentialAction":[{"@type":"SearchAction","target":{"@type":"EntryPoint","urlTemplate":"https:\/\/www.clinicabaviera.com\/blog\/?s={search_term_string}"},"query-input":{"@type":"PropertyValueSpecification","valueRequired":true,"valueName":"search_term_string"}}],"inLanguage":"es"},{"@type":"Organization","@id":"https:\/\/www.clinicabaviera.com\/blog\/#organization","name":"Blog de Baviera antes Cl\u00ednica Baviera","url":"https:\/\/www.clinicabaviera.com\/blog\/","logo":{"@type":"ImageObject","inLanguage":"es","@id":"https:\/\/www.clinicabaviera.com\/blog\/#\/schema\/logo\/image\/","url":"https:\/\/cdn.clinicabaviera.com\/blog\/wp-content\/uploads\/2021\/02\/logo.png","contentUrl":"https:\/\/cdn.clinicabaviera.com\/blog\/wp-content\/uploads\/2021\/02\/logo.png","width":526,"height":164,"caption":"Blog de Baviera antes Cl\u00ednica Baviera"},"image":{"@id":"https:\/\/www.clinicabaviera.com\/blog\/#\/schema\/logo\/image\/"},"sameAs":["https:\/\/www.facebook.com\/CLINICABAVIERA"]}]}},"jetpack_shortlink":"https:\/\/wp.me\/P3aNmD-3uC","jetpack_sharing_enabled":true,"_links":{"self":[{"href":"https:\/\/www.clinicabaviera.com\/blog\/wp-json\/wp\/v2\/pages\/13430","targetHints":{"allow":["GET"]}}],"collection":[{"href":"https:\/\/www.clinicabaviera.com\/blog\/wp-json\/wp\/v2\/pages"}],"about":[{"href":"https:\/\/www.clinicabaviera.com\/blog\/wp-json\/wp\/v2\/types\/page"}],"author":[{"embeddable":true,"href":"https:\/\/www.clinicabaviera.com\/blog\/wp-json\/wp\/v2\/users\/1"}],"replies":[{"embeddable":true,"href":"https:\/\/www.clinicabaviera.com\/blog\/wp-json\/wp\/v2\/comments?post=13430"}],"version-history":[{"count":3,"href":"https:\/\/www.clinicabaviera.com\/blog\/wp-json\/wp\/v2\/pages\/13430\/revisions"}],"predecessor-version":[{"id":20388,"href":"https:\/\/www.clinicabaviera.com\/blog\/wp-json\/wp\/v2\/pages\/13430\/revisions\/20388"}],"wp:attachment":[{"href":"https:\/\/www.clinicabaviera.com\/blog\/wp-json\/wp\/v2\/media?parent=13430"}],"wp:term":[{"taxonomy":"author","embeddable":true,"href":"https:\/\/www.clinicabaviera.com\/blog\/wp-json\/wp\/v2\/ppma_author?post=13430"}],"curies":[{"name":"wp","href":"https:\/\/api.w.org\/{rel}","templated":true}]}}