{"id":34558,"date":"2023-11-16T11:42:43","date_gmt":"2023-11-16T10:42:43","guid":{"rendered":"https:\/\/www.clinicabaviera.com\/blog\/?page_id=34558"},"modified":"2023-11-16T12:48:01","modified_gmt":"2023-11-16T11:48:01","slug":"bases-de-la-promocion-kingdom-cup-finals","status":"publish","type":"page","link":"https:\/\/www.clinicabaviera.com\/blog\/bases-de-la-promocion-kingdom-cup-finals\/","title":{"rendered":"Bases de la promoci\u00f3n &#8220;Kingdom Cup Finals&#8221;"},"content":{"rendered":"<h2>Promotor<\/h2>\n<p>CLINICA BAVIERA, S.A. (en adelante \u201cCLINICA BAVIERA\u201d), con CIF A-80240427, y con domicilio en Paseo de la Castellana 20, 28046 (Madrid), ha decidido poner en marcha la promoci\u00f3n del Concurso premio \u201cKingdom Cup Finals\u201d en los perfiles de Instagram (@clinica_baviera) y X (@clinicabaviera) de Baviera.<\/p>\n<h2>Objeto de la promoci\u00f3n<\/h2>\n<p>CLINICA BAVIERA realiza una promoci\u00f3n dirigida a todas aquellas personas que participen en el concurso dirigido a los fans de la compa\u00f1\u00eda en sus perfiles de Instagram y X con el fin de conseguir la fidelizaci\u00f3n de aquellos.<\/p>\n<p>La promoci\u00f3n consiste en un concurso para ganar un pack de dos (2) entradas para acudir a las \u201cFinals\u201d de la Kingdom Cup que tendr\u00e1 lugar el s\u00e1bado 25 de noviembre de 2023 en el Palau Sant Jordi de Barcelona.<\/p>\n<p>En este concurso se premiar\u00e1 a CINCO (5) personas.<\/p>\n<p>Podr\u00e1n ser participantes todas aquellas personas que cumplan con los requisitos indicados en el apartado 6 (Funcionamiento y entrega del premio).<\/p>\n<h2>Duraci\u00f3n<\/h2>\n<p>El per\u00edodo promocional est\u00e1 fijado para el periodo de tiempo comprendido entre las 10:00 horas del lunes 20 de noviembre de 2023 y las 15:00 horas del mi\u00e9rcoles 22 de noviembre de 2023. Los ganadores se anunciar\u00e1n el mi\u00e9rcoles 22 de noviembre de 2023 a partir de las 15:00 horas en los perfiles de Instagram (@clinica_baviera) y X (@clinicabaviera) de Baviera.<\/p>\n<h2>\u00c1mbito territorial<\/h2>\n<p>La participaci\u00f3n en la promoci\u00f3n ser\u00e1 de \u00e1mbito nacional, y podr\u00e1n participar en ella todas las personas mayores de 18 a\u00f1os residentes en el territorio espa\u00f1ol.<\/p>\n<h2>Premio<\/h2>\n<p>Los cinco (5) ganadores del concurso recibir\u00e1n un pack de dos (2) entradas para acudir a las \u201cKingdom Cup Finals\u201d, que tendr\u00e1 lugar en Palau Sant Jordi de Barcelona el pr\u00f3ximo s\u00e1bado 25 de noviembre de 2023.<\/p>\n<p>El precio de cada una de las entradas es de 65\u20ac.<\/p>\n<p>Los ganadores tienen derecho a renunciar al premio ganado, pero no podr\u00e1n, en ning\u00fan caso, canjearlo por otro distinto ni cambiarlo por su importe en met\u00e1lico.<\/p>\n<p>Los gastos en que pudieran incurrir el ganador y sus acompa\u00f1antes para el disfrute del premio correr\u00e1n en exclusiva de su cuenta.<\/p>\n<p>Instagram y X no patrocinan, ni avalan, ni administran en modo alguno esta promoci\u00f3n, ni est\u00e1n asociados a ella. Cualquier pregunta, comentario o queja en relaci\u00f3n con la promoci\u00f3n deber\u00e1 remitirse a CLINICA BAVIERA, no a Instagram o a X.<\/p>\n<h2>Funcionamiento y entrega del premio<\/h2>\n<p>Los participantes deber\u00e1n:<\/p>\n<ul>\n<li>Ser seguidores del perfil de Baviera en Instagram (@clinica_baviera).<\/li>\n<li>Entrar en el hilo de X referente al concurso y dejar un comentario respondiendo a la pregunta \u201c\u00bfQu\u00e9 es lo m\u00e1s loco que pasar\u00e1 en la #KingdomCup?\u201d, a\u00f1adiendo los hashtags #KingsLeague y #KingdomCup y mencionando a la persona con la que ir\u00edan.<\/li>\n<li>Los ganadores ser\u00e1n escogidos libremente por CL\u00cdNICA BAVIERA atendiendo a los siguientes criterios:\n<ul>\n<li>Cumplimiento de requisitos indicados en estas bases legales.<\/li>\n<li>Originalidad del comentario.<\/li>\n<\/ul>\n<\/li>\n<\/ul>\n<p>La decisi\u00f3n ser\u00e1 p\u00fablica, inapelable y a total discrecionalidad de CL\u00cdNICA BAVIERA, que podr\u00e1 declarar total o parcialmente desierto el concurso.<\/p>\n<p>Adem\u00e1s, se escoger\u00e1 de la misma forma a cinco (5) suplentes.<\/p>\n<p>Los ganadores ser\u00e1n anunciados el d\u00eda indicado a trav\u00e9s de un tuit en el hilo de X referente al concurso y de un Instagram Stories en el perfil de CL\u00cdNICA BAVIERA. Posteriormente, y mediante un mensaje privado en X o en Instagram,\u00a0los ganadores deber\u00e1n contactar y facilitar a CL\u00cdNICA BAVIERA los datos necesarios para la entrega del premio.<\/p>\n<p>Si transcurridas 24 horas desde la comunicaci\u00f3n de su condici\u00f3n de ganadores, los premiados no contactan en la forma antes dicha con CLINICA BAVIERA o rechazan el premio, \u00e9ste ser\u00e1 entregado a uno de los suplentes aplic\u00e1ndose el mismo procedimiento antes descrito para la entrega del premio.<\/p>\n<p>Quedar\u00e1 desierto el concurso si los premiados y los suplentes no contactaran con Baviera o rechazaran el premio.<\/p>\n<h2>Informaci\u00f3n sobre el tratamiento de datos personales<\/h2>\n<p>Los datos personales que suministren los participantes al participar en el concurso ser\u00e1n tratados de forma confidencial por parte de Baviera S.A. con la finalidad de dar cumplimiento y gestionar de forma adecuada su participaci\u00f3n y entrega del premio al concursante ganador.<\/p>\n<p>Los nombres de usuario de los premiados ser\u00e1n publicados en el hilo de X referente al concurso desde el perfil de esta red social de CL\u00cdNICA BAVIERA y en un Instagram Stories en el perfil de CL\u00cdNICA BAVIERA. X e Instagram son empresas estadounidenses. Puede consultar la pol\u00edtica de privacidad de X a trav\u00e9s del siguiente enlace\u00a0 <a href=\"https:\/\/twitter.com\/es\/privacy\">https:\/\/twitter.com\/es\/privacy<\/a> y de Instagram a trav\u00e9s de este enlace: <a href=\"https:\/\/about.instagram.com\/es-la\/safety\">https:\/\/about.instagram.com\/es-la\/safety<\/a><\/p>\n<p>La base que legitima el tratamiento de los datos de los participantes, con la \u00fanica finalidad de gestionar su participaci\u00f3n en el concurso, es la ejecuci\u00f3n de un contrato en el que el participante es parte. Una vez hayan sido realizados todos los tr\u00e1mites necesarios para la finalizaci\u00f3n del concurso los datos dejar\u00e1n de ser tratados para la gesti\u00f3n del mismo, si bien los nombres de usuario de los premiados permanecer\u00e1n publicados en el hilo de X referente al concurso desde el perfil de esta red social de CL\u00cdNICA BAVIERA y en Instagram Stories mientras que los premiados no comuniquen su oposici\u00f3n a este tratamiento.<\/p>\n<p>Ud., como participante, puede ejercer sus derechos de acceso, rectificaci\u00f3n, supresi\u00f3n, oposici\u00f3n y decisiones individuales automatizadas, portabilidad, limitaci\u00f3n del tratamiento de sus datos dirigi\u00e9ndose al Departamento de Asesor\u00eda Jur\u00eddica de Baviera, S.A., sito en Paseo de la Castellana 20, 28046, Madrid o a <a href=\"mailto:datospersonales@grupobaviera.com\">datospersonales@grupobaviera.com<\/a>, acreditando debidamente su identidad. En todo caso, Ud. tiene derecho a presentar una reclamaci\u00f3n ante el Delegado de Protecci\u00f3n de Datos (DPD) de Baviera o ante la Agencia Espa\u00f1ola de Protecci\u00f3n de Datos (AEPD) si considera infringidos sus derechos.<\/p>\n<h2>Limitaci\u00f3n de la participaci\u00f3n<\/h2>\n<p>No podr\u00e1n participar en el concurso los empleados de CLINICA BAVIERA o sus familiares de primer grado, ni cualquier empleado de las sociedades del Grupo Baviera o sus familiares de primer grado, ni tampoco cualquier otra empresa que preste servicios directos a estas compa\u00f1\u00edas o lo haya hecho en alg\u00fan momento de los tres meses anteriores a la fecha de inicio de la promoci\u00f3n.<\/p>\n<p>Asimismo tampoco podr\u00e1n participar en la promoci\u00f3n, las personas que como aut\u00f3nomos est\u00e9n trabajando para CLINICA BAVIERA, ni en cualquiera de las sociedades del Grupo Baviera.<\/p>\n<h2>Aceptaci\u00f3n<\/h2>\n<p>La participaci\u00f3n en esta promoci\u00f3n implica la aceptaci\u00f3n de las presentes bases en su integridad.<\/p>\n<p>CLINICA BAVIERA se reserva el derecho a determinar y modificar a su conveniencia la fecha, el per\u00edodo promocional, a cancelar la promoci\u00f3n y a excluir del premio a aquella persona que estime que no re\u00fane los requisitos exigidos o que haya actuado de mala fe. Asimismo, se reserva el derecho a modificar las bases de esta promoci\u00f3n durante el desarrollo de la misma o de cambiar los premios por otros de valor equivalente. Independientemente de su exclusi\u00f3n, el organizador se reserva el derecho de emprender cualquier acci\u00f3n legal que considere adecuada contra los infractores de las bases legales.<\/p>\n<h2>Ley aplicable<\/h2>\n<p>Las presentes bases se regir\u00e1n por las leyes vigentes espa\u00f1olas.<\/p>\n<p>La cl\u00ednica y los participantes en la promoci\u00f3n se someten al fuero de los Juzgados y Tribunales de Madrid, con renuncia expresa a cualquier otro foro.<\/p>\n","protected":false},"excerpt":{"rendered":"<p>Promotor CLINICA BAVIERA, S.A. (en adelante \u201cCLINICA BAVIERA\u201d), con CIF A-80240427, y con domicilio en Paseo de la Castellana 20, 28046 (Madrid), ha decidido poner en marcha la promoci\u00f3n del Concurso premio \u201cKingdom Cup Finals\u201d en los perfiles de Instagram (@clinica_baviera) y X (@clinicabaviera) de Baviera. Objeto de la promoci\u00f3n CLINICA BAVIERA realiza una promoci\u00f3n [&hellip;]<\/p>\n","protected":false},"author":32,"featured_media":0,"parent":0,"menu_order":0,"comment_status":"closed","ping_status":"closed","template":"","meta":{"jetpack_post_was_ever_published":false,"footnotes":""},"ppma_author":[2300],"class_list":["post-34558","page","type-page","status-publish","hentry"],"yoast_head":"<!-- This site is optimized with the Yoast SEO plugin v27.2 - https:\/\/yoast.com\/product\/yoast-seo-wordpress\/ -->\n<title>Bases de la promoci\u00f3n &quot;Kingdom Cup Finals&quot; - Blog de Baviera antes Cl\u00ednica Baviera<\/title>\n<meta name=\"robots\" content=\"index, follow, max-snippet:-1, max-image-preview:large, max-video-preview:-1\" \/>\n<link rel=\"canonical\" href=\"https:\/\/www.clinicabaviera.com\/blog\/bases-de-la-promocion-kingdom-cup-finals\/\" \/>\n<meta property=\"og:locale\" content=\"es_ES\" \/>\n<meta property=\"og:type\" content=\"article\" \/>\n<meta property=\"og:title\" content=\"Bases de la promoci\u00f3n &quot;Kingdom Cup Finals&quot; - Blog de Baviera antes Cl\u00ednica Baviera\" \/>\n<meta property=\"og:description\" content=\"Promotor CLINICA BAVIERA, S.A. (en adelante \u201cCLINICA BAVIERA\u201d), con CIF A-80240427, y con domicilio en Paseo de la Castellana 20, 28046 (Madrid), ha decidido poner en marcha la promoci\u00f3n del Concurso premio \u201cKingdom Cup Finals\u201d en los perfiles de Instagram (@clinica_baviera) y X (@clinicabaviera) de Baviera. Objeto de la promoci\u00f3n CLINICA BAVIERA realiza una promoci\u00f3n [&hellip;]\" \/>\n<meta property=\"og:url\" content=\"https:\/\/www.clinicabaviera.com\/blog\/bases-de-la-promocion-kingdom-cup-finals\/\" \/>\n<meta property=\"og:site_name\" content=\"Blog de Baviera antes Cl\u00ednica Baviera\" \/>\n<meta property=\"article:publisher\" content=\"https:\/\/www.facebook.com\/CLINICABAVIERA\" \/>\n<meta property=\"article:modified_time\" content=\"2023-11-16T11:48:01+00:00\" \/>\n<meta property=\"og:image\" content=\"https:\/\/cdn.clinicabaviera.com\/blog\/wp-content\/uploads\/logo_baviera-e1360326751756.jpg\" \/>\n\t<meta property=\"og:image:width\" content=\"300\" \/>\n\t<meta property=\"og:image:height\" content=\"55\" \/>\n\t<meta property=\"og:image:type\" content=\"image\/jpeg\" \/>\n<meta name=\"twitter:card\" content=\"summary_large_image\" \/>\n<meta name=\"twitter:label1\" content=\"Tiempo de lectura\" \/>\n\t<meta name=\"twitter:data1\" content=\"6 minutos\" \/>\n<!-- \/ Yoast SEO plugin. -->","yoast_head_json":{"title":"Bases de la promoci\u00f3n \"Kingdom Cup Finals\" - Blog de Baviera antes Cl\u00ednica Baviera","robots":{"index":"index","follow":"follow","max-snippet":"max-snippet:-1","max-image-preview":"max-image-preview:large","max-video-preview":"max-video-preview:-1"},"canonical":"https:\/\/www.clinicabaviera.com\/blog\/bases-de-la-promocion-kingdom-cup-finals\/","og_locale":"es_ES","og_type":"article","og_title":"Bases de la promoci\u00f3n \"Kingdom Cup Finals\" - Blog de Baviera antes Cl\u00ednica Baviera","og_description":"Promotor CLINICA BAVIERA, S.A. (en adelante \u201cCLINICA BAVIERA\u201d), con CIF A-80240427, y con domicilio en Paseo de la Castellana 20, 28046 (Madrid), ha decidido poner en marcha la promoci\u00f3n del Concurso premio \u201cKingdom Cup Finals\u201d en los perfiles de Instagram (@clinica_baviera) y X (@clinicabaviera) de Baviera. Objeto de la promoci\u00f3n CLINICA BAVIERA realiza una promoci\u00f3n [&hellip;]","og_url":"https:\/\/www.clinicabaviera.com\/blog\/bases-de-la-promocion-kingdom-cup-finals\/","og_site_name":"Blog de Baviera antes Cl\u00ednica Baviera","article_publisher":"https:\/\/www.facebook.com\/CLINICABAVIERA","article_modified_time":"2023-11-16T11:48:01+00:00","og_image":[{"width":300,"height":55,"url":"https:\/\/cdn.clinicabaviera.com\/blog\/wp-content\/uploads\/logo_baviera-e1360326751756.jpg","type":"image\/jpeg"}],"twitter_card":"summary_large_image","twitter_misc":{"Tiempo de lectura":"6 minutos"},"schema":{"@context":"https:\/\/schema.org","@graph":[{"@type":"WebPage","@id":"https:\/\/www.clinicabaviera.com\/blog\/bases-de-la-promocion-kingdom-cup-finals\/","url":"https:\/\/www.clinicabaviera.com\/blog\/bases-de-la-promocion-kingdom-cup-finals\/","name":"Bases de la promoci\u00f3n \"Kingdom Cup Finals\" - Blog de Baviera antes Cl\u00ednica Baviera","isPartOf":{"@id":"https:\/\/www.clinicabaviera.com\/blog\/#website"},"datePublished":"2023-11-16T10:42:43+00:00","dateModified":"2023-11-16T11:48:01+00:00","breadcrumb":{"@id":"https:\/\/www.clinicabaviera.com\/blog\/bases-de-la-promocion-kingdom-cup-finals\/#breadcrumb"},"inLanguage":"es","potentialAction":[{"@type":"ReadAction","target":["https:\/\/www.clinicabaviera.com\/blog\/bases-de-la-promocion-kingdom-cup-finals\/"]}]},{"@type":"BreadcrumbList","@id":"https:\/\/www.clinicabaviera.com\/blog\/bases-de-la-promocion-kingdom-cup-finals\/#breadcrumb","itemListElement":[{"@type":"ListItem","position":1,"name":"Inicio","item":"https:\/\/www.clinicabaviera.com\/blog\/"},{"@type":"ListItem","position":2,"name":"Bases de la promoci\u00f3n &#8220;Kingdom Cup Finals&#8221;"}]},{"@type":"WebSite","@id":"https:\/\/www.clinicabaviera.com\/blog\/#website","url":"https:\/\/www.clinicabaviera.com\/blog\/","name":"Blog de Baviera antes Cl\u00ednica Baviera","description":"Informaci\u00f3n sobre la salud visual","publisher":{"@id":"https:\/\/www.clinicabaviera.com\/blog\/#organization"},"potentialAction":[{"@type":"SearchAction","target":{"@type":"EntryPoint","urlTemplate":"https:\/\/www.clinicabaviera.com\/blog\/?s={search_term_string}"},"query-input":{"@type":"PropertyValueSpecification","valueRequired":true,"valueName":"search_term_string"}}],"inLanguage":"es"},{"@type":"Organization","@id":"https:\/\/www.clinicabaviera.com\/blog\/#organization","name":"Blog de Baviera antes Cl\u00ednica Baviera","url":"https:\/\/www.clinicabaviera.com\/blog\/","logo":{"@type":"ImageObject","inLanguage":"es","@id":"https:\/\/www.clinicabaviera.com\/blog\/#\/schema\/logo\/image\/","url":"https:\/\/cdn.clinicabaviera.com\/blog\/wp-content\/uploads\/2021\/02\/logo.png","contentUrl":"https:\/\/cdn.clinicabaviera.com\/blog\/wp-content\/uploads\/2021\/02\/logo.png","width":526,"height":164,"caption":"Blog de Baviera antes Cl\u00ednica Baviera"},"image":{"@id":"https:\/\/www.clinicabaviera.com\/blog\/#\/schema\/logo\/image\/"},"sameAs":["https:\/\/www.facebook.com\/CLINICABAVIERA"]}]}},"jetpack_shortlink":"https:\/\/wp.me\/P3aNmD-8Zo","jetpack_sharing_enabled":true,"_links":{"self":[{"href":"https:\/\/www.clinicabaviera.com\/blog\/wp-json\/wp\/v2\/pages\/34558","targetHints":{"allow":["GET"]}}],"collection":[{"href":"https:\/\/www.clinicabaviera.com\/blog\/wp-json\/wp\/v2\/pages"}],"about":[{"href":"https:\/\/www.clinicabaviera.com\/blog\/wp-json\/wp\/v2\/types\/page"}],"author":[{"embeddable":true,"href":"https:\/\/www.clinicabaviera.com\/blog\/wp-json\/wp\/v2\/users\/32"}],"replies":[{"embeddable":true,"href":"https:\/\/www.clinicabaviera.com\/blog\/wp-json\/wp\/v2\/comments?post=34558"}],"version-history":[{"count":3,"href":"https:\/\/www.clinicabaviera.com\/blog\/wp-json\/wp\/v2\/pages\/34558\/revisions"}],"predecessor-version":[{"id":34561,"href":"https:\/\/www.clinicabaviera.com\/blog\/wp-json\/wp\/v2\/pages\/34558\/revisions\/34561"}],"wp:attachment":[{"href":"https:\/\/www.clinicabaviera.com\/blog\/wp-json\/wp\/v2\/media?parent=34558"}],"wp:term":[{"taxonomy":"author","embeddable":true,"href":"https:\/\/www.clinicabaviera.com\/blog\/wp-json\/wp\/v2\/ppma_author?post=34558"}],"curies":[{"name":"wp","href":"https:\/\/api.w.org\/{rel}","templated":true}]}}